*r**2 + 5*r + 2. Let p be n(-3). Suppose p*z - g = 4*g + 40, 4*g = -5*z + 4. Suppose -z*l + l = -117. What is the tens digit of l?
3
Suppose 7*b = 6*b + 457. What is the units digit of b?
7
Let c = 70 + 14. What is the units digit of (-14)/c - 229/(-6)?
8
Let h(v) = -6*v**3 + v**2 + v. Let t be h(-1). Let j(g) = 4*g - 9. Let y be j(t). Suppose 0 = -i + 4*i - y. What is the units digit of i?
5
Let x = 61 + 1603. What is the thousands digit of x?
1
Let m(z) = 2*z**2 + 41*z - 11. Let v be m(-21). Suppose -v*i + 521 = -559. What is the hundreds digit of i?
1
Suppose -4*m + 6*s - 8*s + 4180 = 0, s + 2 = 0. What is the thousands digit of m?
1
Let b = 19 + -29. What is the units digit of 226/4 - b/20?
7
Let m(y) = y**2 + 8*y + 39. Let g be m(-16). Suppose -221 - g = -2*n. What is the hundreds digit of n?
1
Let k = 1373 - 821. What is the hundreds digit of k?
5
Suppose 4*m - 109 = 15. Let a = m + -4. What is the units digit of a?
7
Suppose -16 = -4*i + 3*d, 5*i + 4*d = 6*i - 4. Let s be 1 - (i + (-8 - -3)). Suppose -51 = -5*l + s*l. What is the tens digit of l?
1
Let n(u) = u**2 - 11*u - 33. Let h be n(14). What is the tens digit of (3 - 177/h)/((-2)/6)?
5
Let w = 1104 - 916. What is the units digit of w?
8
What is the tens digit of 16/2 + 605 + -5?
0
Let x = -1 - -1. Suppose x = -5*a - 0*a. Suppose -3*d + 3*r + 90 = 0, a = 4*d + r - 66 - 79. What is the tens digit of d?
3
Let m = 20 + -15. Let a be (1 - -2)*(m - 3). Let u(v) = 5*v + 5. What is the units digit of u(a)?
5
Let a = -188 - -660. What is the units digit of a?
2
Suppose x + 4 - 1 = 0. Let j be x - (-1 + -3 + 1). Suppose -2*s + 17 + 29 = j. What is the units digit of s?
3
Let a be 0/2*2/(-4). Suppose -3*x + 0*x = a. Suppose v + x = 32. What is the tens digit of v?
3
Let y(a) = 2*a**2 - 17*a - 152. What is the tens digit of y(22)?
4
Let o(u) = 86*u**2 - 110*u - 5. What is the thousands digit of o(-6)?
3
Suppose -5*u - 650 + 80 = 0. Let b = 57 - u. What is the tens digit of b?
7
What is the tens digit of 122/183 - 2605/(-3)?
6
Let z = 89 - 85. What is the units digit of z + (0 - -2) + 3?
9
Suppose -5*g = -2*g - 15. What is the units digit of (-3 + g)*(-146)/(-4)?
3
Let i = -36 - -30. What is the tens digit of 2*((-135)/i + 4)?
5
Let t(k) = 2*k**2 - 6*k - 6. Let q be t(-1). What is the units digit of q/(4 + (-870)/219)?
3
Suppose -2*y - 4*o + 3 - 17 = 0, 2*y - 4*o = 18. Suppose 2 + y = d. Suppose 33 + 9 = d*w. What is the units digit of w?
4
Let k = -28 + 26. Let i = k + 5. Suppose 38 = i*c - 16. What is the units digit of c?
8
Let v = 5583 + -3978. What is the hundreds digit of v?
6
Let z(x) = -x**2 + 12*x - 9. Let k be z(11). Let l be (-1)/(((-2)/k)/5). Suppose 0 = 4*s + 7*t - 3*t - 116, l*s - 130 = -2*t. What is the units digit of s?
4
Suppose -z = 2*s - 1402, -34*z = -35*z - 4*s + 1408. What is the tens digit of z?
9
Let k(r) = 30*r**3 + r**2 - r. Let o be (0 - 3/3) + 7. Suppose 3*z - 9 = -o. What is the units digit of k(z)?
0
Suppose 0 = -13*i - 10*i + 31947. What is the hundreds digit of i?
3
Let r(o) = 10*o**3 - o**2 - 3*o + 3. Let c be r(2). Suppose -i - 2*t = 4*i - 178, -2*i = -t - c. Let k = -16 + i. What is the units digit of k?
0
Let v(o) = o + 15. Let p be v(-10). What is the units digit of -3 + p/((-5)/(-4))?
1
What is the units digit of -28*(7 - (-105)/(-12))?
9
Suppose 21 = 6*j + j. Let i(m) = -m**2 + 5*m + 5. Let d be i(5). Suppose j*h + v = 62, -d*v + 3 = -h - 3. What is the units digit of h?
9
Let v(b) = b**2. Let r(j) = -j**3 + 21*j**2 + 17*j + 7. Let y(u) = -r(u) + 3*v(u). What is the units digit of y(19)?
1
Suppose -11*c + 20 = -6*c. Suppose 0 = 4*s + c*h + 55 - 11, 4*s - h = -59. What is the units digit of 16/8*s/(-4)?
7
Let i = 14 - 9. Let a be 4 - 2 - (0 + (-34)/2). Let m = a + i. What is the units digit of m?
4
Let i = 304 - 195. Suppose -i = 4*z + 7. Let w = z + 56. What is the units digit of w?
7
Let x(l) = -12*l + 12. Let t be x(8). Let n = -28 - t. What is the units digit of n?
6
Suppose 11*y - 3793 = 5832. What is the hundreds digit of y?
8
Suppose 5*y + 110 = -2*j - 0*y, 4*j = y - 242. What is the units digit of (14/(-8) - (-15)/j)*-29?
8
Suppose -p + 9 + 9 = -d, -3*p = -2*d - 57. Suppose -16*a - 175 = -p*a. What is the tens digit of a?
3
Let u = -45 + 81. Suppose a = u + 98. What is the hundreds digit of a?
1
Let t be (-52)/5 + (-21)/35. Let a(h) = h**3 + 10*h**2 - 12*h + 5. Let w be a(t). Suppose w*k - 17*k + 9 = 0. What is the units digit of k?
9
Suppose -s + 8*i + 3493 = 12*i, 3499 = s - 2*i. What is the thousands digit of s?
3
Suppose 4*y - 20 = 0, 0 = -8*k + 6*k + y + 3683. What is the tens digit of k?
4
Let y = -913 + 1318. What is the hundreds digit of y?
4
Let z(n) = 19*n**2 + 4*n - 14. What is the hundreds digit of z(-3)?
1
Let q = 20 - -39. Let i be (q*-3)/((-30)/20). Suppose -3*s = 5*t - 287, s - i = -2*t + 3*s. What is the units digit of t?
8
Let u be ((-40)/25)/((-4)/550). Suppose 824 = 9*d - u. What is the units digit of d?
6
Let o(p) = p - 1. Let x be o(3). Suppose 0*c = 4*i + 2*c + 10, -5*i - x*c = 12. Let f(h) = -3*h**3 - 2*h**2 - 2*h. What is the tens digit of f(i)?
2
Let u = 110 + -50. What is the units digit of u?
0
Suppose 2*u + 0*u + 4*g - 1738 = 0, -4*u + 3526 = -2*g. What is the tens digit of u?
7
Let s(j) = -2 + 0*j - j + 3. Let o(v) = 2*v**2 + 13*v. Let l be o(-6). What is the units digit of s(l)?
7
Let v be ((-12)/16)/((-3)/8). Suppose -o - v*o = -105. What is the units digit of 7 + -7 + (o - 1)?
4
Suppose 7 = -4*x + 2*x - u, x + 2*u + 5 = 0. Suppose 2*o = -s + 34, o = -3*s + 63 + 34. Let f = s + x. What is the units digit of f?
9
Let v(l) = l**3 + 23*l**2 + 41*l - 20. What is the hundreds digit of v(-20)?
3
Let a(l) be the first derivative of -2*l**3/3 - l**2/2 + 39*l - 3. What is the units digit of a(0)?
9
Let a be 1/(-5 + (-276)/(-54)). Suppose b - 1 = 2. Let v = b + a. What is the units digit of v?
2
Suppose 0 = 5*s + 3*i - 90, -5*s - i + 71 = -19. Let l = -15 + s. Suppose -2*g = -0*p + 5*p - 25, g + l*p = 12. What is the tens digit of g?
1
Let z be 1911/(-65) + (2/5 - 0). Let g = 38 + z. What is the units digit of g?
9
Let l be (-15)/60 - 414/8. Let s = l - -74. What is the units digit of s?
2
Suppose 5*w - 8 - 2 = 0. Let y be w/(-1 - 3)*-10. Suppose -y*n + 90 = i, 4*i = -n + 25 + 12. What is the units digit of n?
7
Suppose -5*j + 6*j = 325. What is the hundreds digit of j?
3
Let b(d) = -d**2 + 4*d - 4. Let i be b(2). Suppose 2*q - 4*q + 30 = i. Let u = q + 33. What is the tens digit of u?
4
Suppose 24 = 2*u + 2*u. Let y(l) = 2 + u*l - 5*l + l - l. What is the tens digit of y(8)?
1
Let d(i) = -i**3 + 13*i**2 + 16*i - 13. Let j be d(14). Suppose -j*u + 3*u = -2352. What is the hundreds digit of u?
1
Let b = 11571 - 6782. What is the hundreds digit of b?
7
Let m(h) be the second derivative of 5*h**4/12 + h**3/6 - 17*h**2/2 + 18*h. What is the tens digit of m(-5)?
0
Let y = -613 - -2082. What is the hundreds digit of y?
4
Let k = -1 - -5. Suppose -3*z - 201 - 20 = -4*u, 4*u + k*z = 228. What is the tens digit of u?
5
Suppose -2*m = 3*c - 133, 5 = m - 5*c - 81. Let s(z) = -1 + 2 + 53*z - m*z. What is the units digit of s(-1)?
9
Let c = 146 + -143. Let w(f) = 4*f**3 + 7*f**2 - 8*f - 6. What is the units digit of w(c)?
1
Let s be ((-1)/(-3))/(1/39). Let v(u) = u**3 - 12*u**2 - 12*u - 9. Let a be v(s). Suppose t + 60 = a*t. What is the units digit of t?
0
Let w = 2917 + -1483. What is the hundreds digit of w?
4
What is the tens digit of 17/136 + (-183)/(-8)?
2
Suppose 2*d = d. Let u be 3/(-2 + 3 + d). Suppose -u*r = -6*r + 36. What is the units digit of r?
2
Let k be (-4 - 20) + 3 + 0. What is the units digit of (-6)/(8/k + 14/49)?
3
Let c be -1 - (40/(-2) - 1). Suppose w - c = 21. What is the tens digit of w/4 - (-15)/(-60)?
1
Suppose 4*t = -5*i + 2*i + 413, -3*t + 3*i = -336. Suppose -2*v = v - 123. Suppose -3*n + t = v. What is the tens digit of n?
2
Let p = 7 - 97. Let h = p + 168. What is the tens digit of h?
7
Let w = -170 + 498. What is the units digit of w?
8
Suppose -12 = -2*g - 10. Let s = -3 - -2. What is the units digit of 3 + g/s*2?
1
Suppose -5*n + 3*z - z = -610, -z = -n + 125. What is the tens digit of n?
2
Let b(i) = -2*i**3 - 15*i**2 - 9*i - 17. What is the units digit of b(-10)?
3
Suppose d - 22 = -d. Suppose 0 = 